 Give j(x).
-53
Let g(t) = t**3 - 4*t**2 - t. Let o be (-4)/(-26) + 268/(-52). Suppose 2*s + 2*q - 16 - 8 = 0, s + 2*q - 15 = 0. Let y = s + o. Give g(y).
-4
Let w(t) = 37*t - 2*t - 34*t. Calculate w(-4).
-4
Let j = 1452 - 1449. Let y(d) be the second derivative of 0 - 1/12*d**4 - 1/2*d**2 + 5/6*d**3 + j*d. Calculate y(4).
3
Let w(a) = 3*a + 1. Let k(b) = b**3 - 11*b**2 + 11. Let x(u) = k(u) + 3*w(u). Calculate x(10).
4
Let g = -2 - -4. Let w(f) = f**g + 10*f + 6 + f + 5*f - 9*f. What is w(-6)?
0
Let q(a) = -4*a. Suppose -2*z + 105 = 3*x, 0 = -0*x + 3*x + 4*z - 105. Let j = x + -39. What is q(j)?
16
Let a(p) = -4*p + p**3 + 0*p**3 - 9*p**2 + 8*p**2. Let c be 1 - 4*5/2. Let f = -6 - c. Calculate a(f).
6
Let z(j) = -j - 4. Let k be ((-3)/(-2))/((-9)/24). Calculate z(k).
0
Let c(k) = -k**2 - k + 1. Let h(x) = -x**3 - 2*x**2 + 2*x. Let l be (-5)/2 - (-2)/(-4). Let z be h(l). Let g = 4 - z. Calculate c(g).
-1
Let f(y) = 17*y. Suppose 7 = 364*q - 357*q. Calculate f(q).
17
Suppose 5*q - l + 13 = 0, -2*q - 5 = l - 4. Let m be (-3)/(-15) + (-18)/(-10). Let z(s) = -s**3 + s - 3*s**2 - 2*s**m - 4*s + s**2. Give z(q).
-2
Let o(y) = -4*y - 7. Let v = -101 + 94. Calculate o(v).
21
Suppose -3*y = -5*w + 21, 8*y = -5*w + 3*y + 45. Let f(j) = 6*j - j - w*j - 13 + 17. Calculate f(-4).
8
Let b(j) be the second derivative of -j**4/12 - j**3 + 6*j**2 - 37*j. What is b(-9)?
-15
Let k be 8/4 + -2*1. Let n(v) = -v + 3. Let g be n(k). Let s(r) = -2*r + r + 4 + 4*r. Calculate s(g).
13
Let d(x) = x**2 - 2*x - 12. Let h(b) = 6*b**3 + 2*b**2 - b - 1. Let u be h(-2). Let f be u/(-9) + 6/9. Let r be d(f). Let n(i) = i**2 - 4*i. Determine n(r).
-3
Let m(f) be the second derivative of -f**5/20 - 5*f**4/12 - f**3/6 - 7*f**2/2 - 108*f. Give m(-5).
-2
Let x(l) = 43 - 243*l + 247*l + 5*l**2 - 41 - l**3. Calculate x(5).
22
Let r(u) = u**3 + u**2 - u. Let b(i) = -2*i**3 - 12*i**2 + 2*i + 6. Let q(v) = b(v) + 3*r(v). Suppose -z = 4*z - 45. Calculate q(z).
-3
Suppose 3*m = 2*o, 4*o = 5*m - m - 8. Let v(u) be the second derivative of -u**4/12 - 2*u**3/3 + 2*u**2 + 6*u. Give v(o).
-8
Let d = 15 - 12. Suppose -12 = -4*g + 4*x, 3 = -d*x - 0. Let n(c) = -1 - c + 0 - 3 + g*c**3 - c**2 + 3. Determine n(-1).
-3
Suppose -13*h - 250 = -38*h. Let w(i) = -i**3 + 8*i**2 + 15*i - 1. Determine w(h).
-51
Let y(z) = -1 - 5*z + 2 + 1 - 3. Let o be -6*((-2)/(-6) - 0). Determine y(o).
9
Let h(y) be the first derivative of -y**4/4 - 4*y**3/3 + 2*y**2 + 4*y + 38. What is h(-4)?
-12
Let l(v) = -6*v - 3*v - 1 + 5*v**2 + v**3 + 4*v. Suppose 0 = -21*z + 59*z + 228. What is l(z)?
-7
Let u(c) = -2*c - 2. Let w be (-2 - 0 - -2) + 2. Suppose 5*y = -y. Suppose -w*i - 5*a = -y*a + 4, -5*i - 2*a = 10. Calculate u(i).
2
Let g(u) = 20*u**3 - 8*u**2 - 23*u - 3. Let q(l) = -7*l**3 + 3*l**2 + 8*l + 1. Let d(k) = 6*g(k) + 17*q(k). Calculate d(-3).
5
Let r(g) = -g**2 + 10*g - 10. Let q be (-6)/(-9) - 21/(-9). Suppose -a = 2, 11 = -4*o + q*a + 49. Determine r(o).
6
Let f(c) = 2352 - 6*c**2 - 783 - 780 - 789 + c. Let m = -2 - -3. What is f(m)?
-5
Suppose -65 = -2*w + 2*c - 5, -4*w + 112 = 4*c. Let o(d) = w*d - 17*d - 1 - 16*d. What is o(-2)?
7
Let w(t) = -t - 5. Let z be w(0). Let u(b) = 3 + 4 + 3*b - b - 3 + 1. Calculate u(z).
-5
Suppose -22*f - 217 - 3 = 0. Let d(j) = 2*j**3 + 21*j**2 + 10*j + 5. Determine d(f).
5
Suppose 4*k = 3*k + 2*j - 5, -4*k - 24 = -4*j. Let g(x) = x**2 + 3*x - 25. Calculate g(k).
3
Let p(j) = -2*j**2 + 138*j - 396. Let s be p(66). Let n(y) be the third derivative of s*y + 8*y**2 + 1/3*y**3 + 0 - 1/12*y**4. Calculate n(-5).
12
Let b = 262 + -269. Let t(m) = m**3 + 7*m**2 - 2*m - 2. Determine t(b).
12
Suppose 5*n = 7*l - 9*l + 5, l - 1 = -n. Suppose 12*j - 8 - 40 = l. Let p(w) = -3*w - 10. Let z(c) = -c - 5. Let f(t) = -2*p(t) + 5*z(t). Determine f(j).
-1
Let q(g) be the third derivative of -5*g**4/12 - g**3/6 - 21*g**2 + 2*g. What is q(2)?
-21
Let f = -43 - -43. Let d(s) = -s**3 - s**2 - 17. Determine d(f).
-17
Suppose 5*m = -20, -4*h + m + 3 + 1 = 0. Suppose h = t - 4*t - 15. Let j(f) = -29*f - 12. Let n(y) = 23*y + 9. Let b(r) = -4*j(r) - 5*n(r). Calculate b(t).
-2
Let t = 1 + -2. Let s be t/((-3)/(-3)*-1). Let n(c) = 2*c - 1 - s + 1 - 5*c. What is n(-2)?
5
Let l = -49 + 55. Let u(r) = -2*r**2 + 10*r + 3. Let w(j) = 3*j**2 - 15*j - 4. Let a(f) = 7*u(f) + 5*w(f). What is a(l)?
7
Let a(k) be the first derivative of 11*k**2/2 - 20*k + 71. Give a(2).
2
Let q(t) = 3*t - 2 + 0*t - 2*t. Let a(b) = -1. Suppose 5*k = -4*f - 14, 4*f + 5*k = 6*k - 2. Let c(p) = f*q(p) + 6*a(p). Give c(0).
-4
Let o(k) be the first derivative of k**4/4 - 7*k**3/3 + 5*k**2/2 + 2*k - 1. Suppose -28*h = -27*h - 6. Calculate o(h).
-4
Let l(t) = t**3 + 3*t**2 + 2*t + 1. Suppose 53*s = x + 48*s + 4, 0 = -5*x + 3*s - 20. What is l(x)?
-23
Let y(r) = r**3 + 8*r**2 - r - 2. Let m be (-3)/48*-4 - (-66)/(-8). Determine y(m).
6
Let u = 1990 + -1984. Let t(o) = -o**3 + 8*o**2 - 7*o + 6. Determine t(u).
36
Let k(a) = -32*a**3 + 6*a**2 - 4*a + 13. Let m(h) = -2*h**3 + h**2 - h + 2. Let y(t) = k(t) - 6*m(t). Give y(-1).
19
Let y(b) = 3*b**3 + 9*b**2 + 7*b - 23. Let q(r) = -2*r**3 - 9*r**2 - 6*r + 22. Let w(z) = -4*q(z) - 3*y(z). Calculate w(9).
8
Let f(x) be the third derivative of x**5/120 + x**4/3 - x**3/3 + 10*x**2. Let c(i) be the first derivative of f(i). Determine c(-8).
0
Suppose f = p + 13, 4*p = 2*f - 6*f + 28. Let l(h) = 7*h**2 - 15*h - 2. Let k(g) = -20*g**2 + 44*g + 6. Let v(w) = -6*k(w) - 17*l(w). Calculate v(f).
8
Suppose 0 = 5*t + 60 + 100. Let d = t - -27. Let y(g) = -g + 2 + g + g. What is y(d)?
-3
Let g = -90 + 90. Let q(l) = l - 29. Calculate q(g).
-29
Let g(u) = -15*u**2 + 1 + 58*u - 57*u + 4*u**2. Let o be (-2)/(-2) - (-1)/1. Suppose -2*j = -2*i - 8, -o*i = j + 8 + 3. Calculate g(j).
-11
Let u(z) = 2*z**2 - 2*z - 16. Let b(j) = -3*j**2 + 3*j + 33. Let i(x) = 3*b(x) + 5*u(x). Suppose 0 = p - 4*w - 12, w + 0*w = 3*p - 3. Determine i(p).
19
Let u be 2 - 1/((-1)/(-2)). Let r(c) = -8*c**2 - 3*c + 10. Let x(z) = 13*z**2 + 5*z - 22. Let y(n) = -5*r(n) - 3*x(n). What is y(u)?
16
Let l(r) = -r**2 + 12*r + 13. Let s = 23 + -12. What is l(s)?
24
Suppose 0 = 2*n + 6, -12 = -3*w + n - 0*n. Suppose w*d = 2*d - 6. Let v(h) = -4 - h + 68*h**3 - 3*h**2 - 141*h**3 + 72*h**3 - 3*h**2. Calculate v(d).
2
Let z(w) be the second derivative of w**5/5 - w**4/12 - 5*w**3/6 + 5*w**2/2 + 10*w. Let v(y) = -5*y**3 + 5*y - 6. Let c(h) = -3*v(h) - 4*z(h). What is c(5)?
-2
Suppose -w + 12 = w. Suppose 1 + w = n - 4*k, -5*n + 11 = 4*k. Suppose 0*g + n*g + 12 = 0. Let f(r) = -r**3 - 5*r**2 - 6*r - 6. What is f(g)?
2
Let g(u) = 12*u - 2 - 4*u + 0*u + 1. Suppose -l - 1 = -5*s, -2*s = -2*l - 0*s - 2. Calculate g(l).
-9
Let n(i) = -6*i + 3*i - 1 - 7*i + 2 - i**2 + 3*i. Give n(-8).
-7
Let o(i) = 3*i**2 + 19*i + 8. Let x(j) = -7*j**2 - 48*j - 16. Let f(d) = 5*o(d) + 2*x(d). Let r(m) = m + 4. Let h be r(-4). What is f(h)?
8
Let l = -8 + 10. Let h(n) = n**2 - 1 - l*n**2 + n - 12*n**2. Calculate h(1).
-13
Let f(n) be the third derivative of -n**4/24 + 3*n**3/2 + 138*n**2. What is f(9)?
0
Let v = -84 - -87. Let m(w) = w**2 + 2. Determine m(v).
11
Let r(i) = -16 + i**3 - 6*i**2 - 27 - i - 23 + 69. Give r(6).
-3
Let i be ((-12)/(-8))/((-21)/14). Let k(z) = 35*z. Calculate k(i).
-35
Let p(k) = -k + 3 + 3 + 6 - 13. What is p(4)?
-5
Let v(l) be the second derivative of l**5/20 + l**4/12 - l**3/3 - l**2/2 + 2*l + 134. Give v(-2).
-1
Let q(b) = 2*b**2 + 3*b - 1. Let n(f) = -7*f + 51. Let k be n(7). Determine q(k).
13
Let y be -5*(2/5 - 0). Let d(n) be the third derivative of 0*n + 1/120*n**6 - 1/60*n**5 + 0 - 1/8*n**4 - 9*n**2 - 1/3*n**3. What is d(y)?
-8
Let m(x) be the second derivative of x**4/2 - x**2/2 + 34*x - 2. Calculate m(1).
5
Let f be 14/161 + (-213)/69 + -28. Let z(t) = t + 34. Give z(f).
3
Let u(f) = f**2 - 7*f + 2. Let c = -820 - -827. Determine u(c).
2
Let z(v) = -12*v**3 + 5*v**3 - 9*v**2 + 6*v**3 + 13*v - 25 + 40. Give z(-10).
-15
Suppose -118*x - 672 + 200 = 0. Let s(f) = -6*f - 14. Give s(x).
10
Let h be ((39/(-4))/(-13))/((-9)/(-2)). Let r(n) be the second derivative of -2*n + 0 + 2*n**2 - h*n**3. Determine r(4).
0
Suppose 8*b + 20 = 44. Let u(j) = j**2 + 3*j + 2. Give u(b).
20
Let i(c) = c + 24. Let m be i(-22). Suppose 2*z - 16 = -2*l, 4*z - m*l -